ne l(-1).
2
Suppose -4*c + 4 + 8 = 0. Suppose -2 = c*j - 4*r, -2*r + 43 = 3*j + 3*r. Let b(v) = v**3 - 6*v**2 + v + 7. Determine b(j).
13
Suppose -n = -0*n + 1. Let y(d) be the third derivative of 0*d + 0 + 1/60*d**5 + 1/12*d**4 + 2*d**2 + 1/6*d**3. What is y(n)?
0
Suppose 0 = d - 4*d - 30. Let o = 5 + d. Let b(u) = -u - 1. What is b(o)?
4
Let l(s) be the first derivative of s**6/120 + s**5/40 + s**4/12 + 5*s**3/3 + 2. Let b(x) be the third derivative of l(x). What is b(-2)?
8
Suppose -o - 3*o + 16 = 0. Let s(p) = -p**2 + 5*p. What is s(o)?
4
Let c(t) = t - 4. Let m be (-4 + 5)/(2/4). Determine c(m).
-2
Let j(l) = l**2 - 7. Let x = -5 - 0. Give j(x).
18
Suppose 16 = -7*v + 3*v. Let n(z) = -4*z**3 + 7*z - 1. Let a(o) = 5*o**3 - o**2 - 8*o + 2. Let t(q) = -3*a(q) - 4*n(q). Give t(v).
-2
Let z(q) = 3*q + q - 3*q**2 + 8 - 6*q + 2*q**2 - 4*q. Let w = -19 + 13. Determine z(w).
8
Let z = 1/5 - -3/10. Let l(s) be the second derivative of -3*s + 0 - z*s**2 + 1/12*s**4 + 7/20*s**5 + 0*s**3. Calculate l(-1).
-7
Let q(o) = -10*o - 1. Suppose -6*t = -3*t. Let v be t - -2 - 7/7. Determine q(v).
-11
Let m(c) = -2*c - 8. Let p(n) = -n - 4. Let a(k) = 3*m(k) - 5*p(k). Suppose 0 = -2*u + 5*u. Determine a(u).
-4
Let d(q) = -q**2 + 1. Let h(s) = -2*s**2 + 4*s - 2. Let y be h(2). Determine d(y).
-3
Let w(f) be the first derivative of f**3/3 + f**2/2 + 5. What is w(-1)?
0
Let q(z) be the second derivative of -z**5/20 + z**4/4 - z**3/3 - 2*z**2 - 8*z. Calculate q(3).
-10
Let q = -2 + 4. Let l(i) = 2*i**2 - i**q - 3 + 5*i - 4. Let u be 4/(-6)*60/8. What is l(u)?
-7
Let y be -2*((-6)/(-4))/(-3). Let j(l) = -8*l - 1. Give j(y).
-9
Let w(s) be the second derivative of 0 + 1/20*s**5 - s**2 - 5/12*s**4 - 1/6*s**3 + 2*s. What is w(5)?
-7
Let d(z) = 0*z**2 + 39*z - z**3 + 3*z**2 - 36*z - 5. Determine d(4).
-9
Let s(x) = x**2 - 5*x - 1. Let w(p) = -2*p**2 + 11*p + 2. Let n be -5 - (-3 + 1)/2. Let o(i) = n*w(i) - 9*s(i). What is o(2)?
-1
Let o = -12 - -18. Let y = 1 - o. Let z(g) = g**3 + 5*g**2 + 2*g + 3. Determine z(y).
-7
Suppose -6*u = -3*u - 2*z - 14, z = -3*u + 2. Let j(r) = -3*r - 1 + 0*r + u + 4*r. Determine j(-4).
-3
Let t(h) = h**2 + 4*h. Let m be ((-20)/(-6))/(((-64)/12)/8). Give t(m).
5
Let w(m) = 3*m + 3. Suppose -t + 4*s = -16, 5*t - 2*s - 3*s = 5. Determine w(t).
-9
Let d(w) be the first derivative of -w**2/2 + 2*w - 12. Calculate d(-7).
9
Let n(i) = i**3 + 7*i**2 - i - 6. Let x(k) = -1. Let g(c) = -n(c) + 2*x(c). Let h be g(-7). Let w(t) = -t - 6. Determine w(h).
-3
Let r(j) be the third derivative of j**4/3 + 2*j**3 + 2*j**2. Let h(p) = 1. Let a(s) = 12*h(s) - r(s). Determine a(1).
-8
Suppose -13 + 9 = -q. Let k(x) = 2*x + 1 - 3*x + 0*x**3 - 2*x**3 + q*x**2 + 2*x. Determine k(3).
-14
Let v(y) = y**3 - y + 2. Let g be v(0). Let u(z) = -3*z + g*z - 4*z + 6*z + 2. Let x = 0 - 0. Determine u(x).
2
Let t(j) = 2*j - 4. Let c be t(4). Let b(d) = -c*d - 1 + 0*d + d - d. Determine b(1).
-5
Let v(w) be the first derivative of w**3/3 + 3*w**2 + 2*w + 3. Calculate v(-7).
9
Let i(y) = -y + 2. Let k(u) = u**3 - 6*u**2 - 5*u - 10. Let n be k(7). Let z(g) = g**2 - 4*g + 2. Let r be z(n). Give i(r).
0
Let t(y) = -9*y - 4. Let n be t(-1). Let k(d) = -7*d**2 + 5*d - 8. Let g(o) = 3*o**2 - 3*o + 4. Let m(x) = -5*g(x) - 2*k(x). Calculate m(n).
-4
Let i = -4 + 4. Suppose 2*p + i*p - 7 = g, 3*p - 27 = -4*g. Let n(m) = 7 + g*m**2 - 3*m + 0*m**3 + m**3 + m**2. Determine n(-5).
-3
Let i(h) be the second derivative of -h**3/3 - 3*h. Let x(c) be the first derivative of -2*c**2 + 1. Let j(b) = 14*i(b) - 6*x(b). What is j(-2)?
8
Let t(u) = -u - 8. Let n(z) = z + 4. Let r(x) = 5*n(x) + 2*t(x). Calculate r(5).
19
Suppose 3*z = 5*u - 10, -2*u + 4 = -4*z + 3*z. Let f(d) be the first derivative of 4*d - 3/2*d**2 + u. Give f(3).
-5
Let n(w) be the first derivative of -3 - 1/3*w**3 - w**2 - 5*w. Give n(-4).
-13
Suppose -4*x + 0*u - 5*u - 25 = 0, 4*u - 16 = 4*x. Let f(b) = -20*b - 20*b + 42*b. What is f(x)?
-10
Let o(m) = -m**2 + m + 5. Let b be 0 - 8*2/4. Let k(u) = u**2 + u - 4. Let q be k(b). Suppose 3*l = 5*l - q. Calculate o(l).
-7
Suppose -5*h - 5*b = -5, 0 = -3*h + 2*h - 3*b + 1. Let l(p) = 3*p + 1. Give l(h).
4
Let z(m) be the third derivative of -m**6/120 - m**5/15 + 5*m**4/24 + 5*m**3/6 + 2*m**2. Determine z(-5).
5
Suppose -3*b = 2*k - 12, -3*k + 19 = 3*b + 4. Let z(r) = 0*r - 3 - 3*r + 0 + b*r. Determine z(4).
-7
Let u be 1*(-2)/(2/(-3)). Let l(z) = -2*z + 0*z + 4*z - 5*z**3 - u*z. What is l(-1)?
6
Let d be 2/4 + (-2)/(-4). Let r(x) = -x**2 - 2*x. Let f be r(-1). Let u(j) = d - f + 2*j + 2. Determine u(3).
8
Let q be -2 - (4 + (-1 - 0)). Let m(v) = -7 + v**3 - 4*v**2 - 2 - 2*v**3 + 4 + 2*v. What is m(q)?
10
Let d(z) = z**2 - z**2 + z**3 + 0*z**2 - z**2 - 4. Determine d(3).
14
Let b(g) be the second derivative of -g**4/12 + 11*g**3/6 - 8*g**2 - 5*g. Let k be b(9). Let w(p) = -2*p + 2. Give w(k).
-2
Let y(r) = r**2 - 4*r + 4. Let d be ((-4)/(-10))/((-5)/(-900)). Let g = d + -51. Suppose 0 = 5*q - g + 6. Give y(q).
1
Let b(s) = 2*s**2 + 4*s. Suppose -15 = 3*m, 4*m = 3*c - 2*c - 25. Suppose -4*l - 7 - c = 0. Give b(l).
6
Let v(s) be the second derivative of 3*s - 1/12*s**4 - 5/6*s**3 - 2*s**2 + 0. Give v(-3).
2
Let p(t) be the second derivative of -t**8/6720 + t**7/630 + t**6/144 - t**5/60 - 5*t**4/12 - 2*t. Let i(v) be the third derivative of p(v). Determine i(5).
-2
Let n(v) be the third derivative of v**8/6720 + v**7/420 - v**6/144 + v**5/20 - 5*v**4/24 - 8*v**2. Let d(h) be the second derivative of n(h). Determine d(-7).
-8
Suppose -l = 4 - 5. Let t(n) = l - 20*n**2 + 2*n + 23*n**2 - 3. What is t(-2)?
6
Let f(c) = -3*c + 1 - 3 + 2*c + 5. Give f(7).
-4
Let c(s) = 4*s**2 - s. Let y(o) = -9*o**2 + o + 1. Let q(i) = -7*c(i) - 3*y(i). Let h be 3 + 2 + 0/(1 - -2). Determine q(h).
-8
Let g(b) = 2*b**2 + 3*b + 3. Suppose -16 = -4*c, -5*o - 5*c + 92 - 37 = 0. Let l = 8 - o. Suppose 3*p + 7 = l. Give g(p).
5
Let w be (-6)/(-3) - 1*-37. Let s be (-2)/6 - w/(-9). Let b(t) = -t**3 + 4*t**2 - 2*t. Determine b(s).
-8
Suppose -4*w - 4 - 4 = 0. Let b(k) be the first derivative of 3/2*k**2 - 1 + k. Calculate b(w).
-5
Let h(u) = -4*u - 17. Let r(z) = -7*z - 33. Let m(c) = 11*h(c) - 6*r(c). Let g be m(5). Let a(f) = 5*f - 1. What is a(g)?
4
Let v(a) = 9*a - 12. Let n(q) = -5*q + 6. Let i(p) = -7*n(p) - 4*v(p). Let x(s) = 4*s**3 + s. Let y be x(1). What is i(y)?
1
Let c(m) = -m - 1. Let q = -37 - -39. Give c(q).
-3
Let m(h) be the first derivative of -3*h + 1 - h + 0*h**2 - h**2. Determine m(-6).
8
Let m(v) = 3*v + 0 - 2 - 4*v + 3*v. Give m(2).
2
Let r(k) = k**2 + 6*k + 2. Let p(a) = 4*a + 3. Let u be p(-2). Let g be r(u). Let t be (g/6*2)/(-1). Let b(m) = m**3 + m**2 - m. Calculate b(t).
1
Let b(k) = 9*k. Let w be b(1). Let n(s) = -6*s**3 - w + 8 - 4*s**2 + s + 3*s**2. Calculate n(1).
-7
Let k(z) = -z**3 - 10*z**2 - 7*z + 19. Let x be k(-9). Let t(f) = 3*f + 1. Give t(x).
4
Let q(o) = -4*o + 0*o + 1 - 2395*o**2 + 1 + 2394*o**2. Let t(f) = f**2 - 7*f + 2. Let z be t(6). What is q(z)?
2
Let t(c) = -3*c - 2. Let r(z) = z - 16. Let g be r(10). Let b = -2 + -1. Let w = g - b. Give t(w).
7
Let m(o) = -2*o + 3. Let i(x) = -3*x + 7. Let k(p) = 3*i(p) - 5*m(p). Calculate k(-7).
-1
Let r(m) be the second derivative of m**3/6 - 8*m. Give r(-4).
-4
Let d = 64 + -40. Suppose -k - 5*n + 1 - 17 = 0, -d = -k + 5*n. Let q(o) = -o**3 + 3*o**2 + 2*o - 1. Determine q(k).
-9
Suppose -1 = -g, 3*g - 49 + 2 = -4*y. Let k(x) = -2*x + x**2 - 9 + 0*x + y + x**3. Let h = 0 + 2. Calculate k(h).
10
Let v(w) = -2*w**3 - 4*w**2 + 11. Let a(l) = -l**3 + l**2 + 1. Let u(k) = -3*a(k) + v(k). Suppose -3*r + 16 + 5 = 0. Calculate u(r).
8
Suppose 0*m + 3*m + 3 = 0. Let l be (m - 0)/((-2)/(-12)). Let b(r) = -r - 5. Determine b(l).
1
Let j(z) = z - 1. Let k(d) = -5*d**2 - 11*d + 6. Let g(h) = h**2 + h. Let q(i) = -6*g(i) - k(i). Let m(u) = 3*j(u) - q(u). Calculate m(2).
3
Let z(n) = 3*n**2 - 4 + 3 - 4*n**2 - 1. Determine z(-2).
-6
Suppose -2*a + 3*a - 3 = -y, 0 = -3*a + 5*y + 17. Let x(l) = -1 + 4*l + 3*l - a*l + l. What is x(-2)?
-9
Suppose -u - 7 = 5*l - 3*l, -3*l + 2*u = 14. Let i(g) = -4*g - 8. Let a(n) = -1. Let h(j) = -4*a(j) + i(j). Give h(l).
12
Let u(q) = q**2 + 7*q + 4. Let o(x) = 2*x - 5. Let p be o(6). Let m be (1 - p) + 3 + -2